{"id":966,"date":"2016-12-07T11:37:20","date_gmt":"2016-12-07T11:37:20","guid":{"rendered":"http:\/\/www.autoline.no\/about-us\/the-founder\/?lang=nb"},"modified":"2019-01-17T10:54:15","modified_gmt":"2019-01-17T10:54:15","slug":"grunderen","status":"publish","type":"page","link":"https:\/\/www.autoline.no\/?page_id=966","title":{"rendered":"Gr\u00fcnderen"},"content":{"rendered":"\n<style type=\"text\/css\" data-created_by=\"avia_inline_auto\" id=\"style-css-av-av_image-ef02bffe2603f0936849da0be37bda2c\">\n.avia-image-container.av-av_image-ef02bffe2603f0936849da0be37bda2c img.avia_image{\nbox-shadow:none;\n}\n.avia-image-container.av-av_image-ef02bffe2603f0936849da0be37bda2c .av-image-caption-overlay-center{\ncolor:#ffffff;\n}\n<\/style>\n<div  class='avia-image-container av-av_image-ef02bffe2603f0936849da0be37bda2c av-styling- avia-align-center  avia-builder-el-0  el_before_av_heading  avia-builder-el-first '   itemprop=\"image\" itemscope=\"itemscope\" itemtype=\"https:\/\/schema.org\/ImageObject\" ><div class=\"avia-image-container-inner\"><div class=\"avia-image-overlay-wrap\"><img decoding=\"async\" fetchpriority=\"high\" class='wp-image-563 avia-img-lazy-loading-not-563 avia_image ' src=\"https:\/\/www.autoline.no\/wp-content\/uploads\/2016\/12\/Perfection-is-not-good-enough.jpg\" alt='' title='perfection-is-not-good-enough'  height=\"536\" width=\"804\"  itemprop=\"thumbnailUrl\" srcset=\"https:\/\/www.autoline.no\/wp-content\/uploads\/2016\/12\/Perfection-is-not-good-enough.jpg 804w, https:\/\/www.autoline.no\/wp-content\/uploads\/2016\/12\/Perfection-is-not-good-enough-450x300.jpg 450w, https:\/\/www.autoline.no\/wp-content\/uploads\/2016\/12\/Perfection-is-not-good-enough-300x200.jpg 300w, https:\/\/www.autoline.no\/wp-content\/uploads\/2016\/12\/Perfection-is-not-good-enough-768x512.jpg 768w, https:\/\/www.autoline.no\/wp-content\/uploads\/2016\/12\/Perfection-is-not-good-enough-705x470.jpg 705w\" sizes=\"(max-width: 804px) 100vw, 804px\" \/><\/div><\/div><\/div>\n\n<style type=\"text\/css\" data-created_by=\"avia_inline_auto\" id=\"style-css-av-av_heading-2e39eba604ebb1f77db799cdd8398f88\">\n#top .av-special-heading.av-av_heading-2e39eba604ebb1f77db799cdd8398f88{\npadding-bottom:10px;\n}\nbody .av-special-heading.av-av_heading-2e39eba604ebb1f77db799cdd8398f88 .av-special-heading-tag .heading-char{\nfont-size:25px;\n}\n.av-special-heading.av-av_heading-2e39eba604ebb1f77db799cdd8398f88 .av-subheading{\nfont-size:15px;\n}\n<\/style>\n<div  class='av-special-heading av-av_heading-2e39eba604ebb1f77db799cdd8398f88 av-special-heading-h1 blockquote modern-quote  avia-builder-el-1  el_after_av_image  el_before_av_textblock '><h1 class='av-special-heading-tag '  itemprop=\"headline\"  >&laquo;Perfection is not good enough&raquo;<\/h1><div class=\"special-heading-border\"><div class=\"special-heading-inner-border\"><\/div><\/div><\/div>\n<section  class='av_textblock_section av-av_textblock-35972167d9f102c5ddaec0c531c98b9e '   itemscope=\"itemscope\" itemtype=\"https:\/\/schema.org\/CreativeWork\" ><div class='avia_textblock'  itemprop=\"text\" ><div class=\"attribute-intro\">\n<div class=\"attribute-intro\">\n<div class=\"attribute-intro\">\n<p><i>\u201dFor 20 \u00e5r siden utfordret min svigerfar meg til \u00e5 utvikle en sandstr\u00f8er som skulle v\u00e6re driftsikker. N\u00e5 er sandstr\u00f8eren verdensleder og han er fortsatt min svigerfar.\u201d<\/i><\/p>\n<\/div>\n<div class=\"attribute-body\">\n<p>Gr\u00fcnder John Egil Bustadmo viste tidlig i livet at han hadde skapertrang og evne til \u00e5 gjennomf\u00f8re ting. Som ungdom tegnet og bygde han modeller av biler og b\u00e5ter. Senere utviklet hans motorinteresse seg til \u00e5 restaurere og bygge opp motorsykler, amerikanske biler, b\u00e5de det mekaniske og designmessige. John-Egil har sin utdannelse fra mekaniske fag og jobb-bakgrunn som billakkerer, lastebilsj\u00e5f\u00f8r og produktutvikler.<\/p>\n<p>Som produktutvikler har han alltid hatt fokus p\u00e5 h\u00f8y kvalitet. Sp\u00f8rsm\u00e5let har alltid v\u00e6rt: &laquo;Er dette det beste vi klarer \u00e5 prestere&raquo;. Med \u00e5 knytte til seg et team p\u00e5 20 akt\u00f8rer best\u00e5ende av lokale transportbedrifter, bank, bedriftsr\u00e5dgivere, industridesignere, mekanisk og elektrisk fagkompetanse, startet han en l\u00e6rerik prosess som fortsatt er under utvikling.<\/p>\n<p>John-Egil har dyrket sin bil-interesse i hele sitt liv. Hans fascinasjon for amerikanske biler fikk han allerede da han fikk kj\u00f8re bestefarens lastebil som tolv\u00e5ring. Han har v\u00e6rt president i den lokale am-car-klubben i perioden 1982-1992, samt hatt styreverv i &laquo;The american car club of Norway&raquo; i perioden 1994-2000. I disse dager bygger den aktive gr\u00fcnderen opp sin egen &laquo;dragster&raquo; som han skal kj\u00f8re for Autoline racingteam.<\/p>\n<\/div>\n<\/div>\n<div class=\"attribute-body\"><\/div>\n<\/div>\n<div class=\"attribute-body\"><\/div>\n<\/div><\/section>\n","protected":false},"excerpt":{"rendered":"<p>\u201dFor 20 \u00e5r siden utfordret min svigerfar meg til \u00e5 utvikle en sandstr\u00f8er som skulle v\u00e6re driftsikker. N\u00e5 er sandstr\u00f8eren verdensleder og han er fortsatt min svigerfar.\u201d\t<\/p>\n","protected":false},"author":1,"featured_media":563,"parent":960,"menu_order":9,"comment_status":"closed","ping_status":"closed","template":"","meta":{"_acf_changed":false,"footnotes":"","_links_to":"","_links_to_target":""},"class_list":["post-966","page","type-page","status-publish","has-post-thumbnail","hentry"],"acf":[],"_links":{"self":[{"href":"https:\/\/www.autoline.no\/index.php?rest_route=\/wp\/v2\/pages\/966","targetHints":{"allow":["GET"]}}],"collection":[{"href":"https:\/\/www.autoline.no\/index.php?rest_route=\/wp\/v2\/pages"}],"about":[{"href":"https:\/\/www.autoline.no\/index.php?rest_route=\/wp\/v2\/types\/page"}],"author":[{"embeddable":true,"href":"https:\/\/www.autoline.no\/index.php?rest_route=\/wp\/v2\/users\/1"}],"replies":[{"embeddable":true,"href":"https:\/\/www.autoline.no\/index.php?rest_route=%2Fwp%2Fv2%2Fcomments&post=966"}],"version-history":[{"count":2,"href":"https:\/\/www.autoline.no\/index.php?rest_route=\/wp\/v2\/pages\/966\/revisions"}],"predecessor-version":[{"id":1683,"href":"https:\/\/www.autoline.no\/index.php?rest_route=\/wp\/v2\/pages\/966\/revisions\/1683"}],"up":[{"embeddable":true,"href":"https:\/\/www.autoline.no\/index.php?rest_route=\/wp\/v2\/pages\/960"}],"wp:featuredmedia":[{"embeddable":true,"href":"https:\/\/www.autoline.no\/index.php?rest_route=\/wp\/v2\/media\/563"}],"wp:attachment":[{"href":"https:\/\/www.autoline.no\/index.php?rest_route=%2Fwp%2Fv2%2Fmedia&parent=966"}],"curies":[{"name":"wp","href":"https:\/\/api.w.org\/{rel}","templated":true}]}}